w = -31 - -54. Let t be ((-1)/1)/(1/(-23)). What is the greatest common factor of t and w?
23
Suppose 9*f = 2*f + 105. What is the highest common divisor of 5 and f?
5
Let d be 4/(-16 - 0) - (-276)/16. What is the highest common factor of d and 187?
17
Suppose -q + 25 = -2*z, -3*q - 2*z + 50 = 7. Let c = q + -15. Suppose -5*m = -2*y, -m + 3*m = y - 2. What is the highest common factor of c and y?
2
Suppose -3*k + 5*l - 12 = 0, 6*l - l = 5*k + 10. What is the greatest common factor of 11 and k?
1
Suppose 0 = 4*k + k - 25. Suppose 3*d - k*r - 58 - 84 = 0, -r = -2*d + 97. Calculate the highest common divisor of 7 and d.
7
Let v be 5/(-25) + 22/10. Let f be v/((-2)/(-37) + 0). Let o be f + 1 + -3 - 2. What is the greatest common factor of o and 22?
11
Let t(c) = -c**2 + 7*c - 6. Let y be t(5). Suppose -y*f + 0*f = -144. What is the greatest common factor of f and 24?
12
Suppose -4*g - 4*v + 1096 = 0, -4*v = -g - 105 + 369. Calculate the greatest common divisor of 34 and g.
34
Let n(m) = -m + 1. Let q(h) = -14*h - 2. Let v(u) = 5*n(u) - q(u). Let k be v(7). What is the highest common factor of k and 28?
14
Suppose -5 = l, 2*r - 7*l = -4*l + 253. What is the greatest common divisor of r and 17?
17
Let v(c) = c**2 + c + 6. Let x be v(-5). Let p = -16 + x. Calculate the greatest common divisor of p and 40.
10
Suppose -12 = -5*r + 28. Calculate the highest common factor of 4 and r.
4
Let p be -2*11 - (-3 + 0). Let g = 4 - p. What is the highest common factor of g and 23?
23
Let b(f) = 41*f**2 - f + 2. Let a be b(-2). Suppose o + 0*i - 4*i - 36 = 0, -99 = -4*o + i. Calculate the highest common factor of o and a.
24
Suppose 4*w - 8 = 4. Suppose -2*l = -0*a - a + 22, 4*a - w*l = 63. Suppose 1 = 5*q + 2*k - 9, 25 = -5*k. Calculate the highest common divisor of a and q.
4
Let i = 163 + 137. Suppose 6*g = 2*g + i. Let t = -9 + 24. What is the greatest common divisor of g and t?
15
Let p(u) = -2*u - 8. Let a be p(-5). What is the greatest common divisor of 16 and a?
2
Let q = 44 - 40. What is the greatest common divisor of 4 and q?
4
Suppose 4*z - 79 = -3*d, -4*d - 6 = -z - 2*d. Calculate the greatest common factor of z and 4.
4
Suppose -90 = 3*k - 8*k. Let p = 7 + -4. Calculate the highest common factor of k and p.
3
Let h be (-3)/6 - 50/(-4). Calculate the highest common factor of h and 24.
12
Suppose -10 = -0*m - 5*m. Suppose -2*a - 7 = -3*f, m = -a - 0. Calculate the highest common divisor of 2 and f.
1
Suppose -3*r + u + 38 = 0, -3*r + 44 = 5*u - 0*u. Calculate the greatest common divisor of r and 65.
13
Suppose 2*j - 1 = 7. Suppose -j*x - x = -210. Calculate the greatest common divisor of 6 and x.
6
Let b = 17 + -6. Calculate the greatest common divisor of b and 77.
11
Let m be (-155)/(-15) - (-4)/6. What is the highest common factor of m and 44?
11
Suppose 6*i - 13*i + 14 = 0. What is the greatest common divisor of 26 and i?
2
Let f = 79 + -78. What is the greatest common factor of f and 23?
1
Let k be (-12)/(-18) - 914/(-6). Let l = k + -98. What is the greatest common factor of l and 11?
11
Let a(h) = h**2 + 4*h + 9. Let p(m) = -2*m**2 + 5*m - 6 - m**2 + 2*m**2. Let n be p(5). Let f be a(n). What is the highest common divisor of 3 and f?
3
Let m be 26 + ((-32)/14 - 2/(-7)). What is the highest common factor of 60 and m?
12
Let u be (-156)/(-30) + -6 - 59/(-5). Suppose 3*l = -14 + 47. What is the highest common factor of u and l?
11
Suppose 6*n = 11*n - 45. Calculate the highest common divisor of 63 and n.
9
Let m be (-24)/11 + (-6)/(-33). Let a be (m/(-4))/((-3)/(-120)). Calculate the greatest common factor of 30 and a.
10
Let n(i) = 4*i**2 + i - 1. Let g be n(1). Suppose 3*h = g*k + 52, -4*h - 2*k = -29 - 11. Calculate the highest common divisor of h and 18.
6
Let x = -6 - -8. Let z be x/2 + 0 + 29. Calculate the greatest common divisor of 6 and z.
6
Let q = -1 - -4. Let o be 6 - (1 + 3/q). Let g = -2 + 8. Calculate the greatest common factor of g and o.
2
Let k be (24/(-9))/((-4)/6). Let c be k/6 - (-8)/6. Let g(a) = 5*a - 2. Let j be g(c). Calculate the greatest common factor of j and 32.
8
Let q(p) = -15*p + 6. Let w be q(-5). Let u = 169 - w. Calculate the highest common factor of u and 11.
11
Suppose 3*i = 48 + 192. Let w = 17 - 1. Let s be -1 + 0 + w + 1. Calculate the highest common factor of i and s.
16
Let m(h) = -5*h + 1. Let x be m(-2). Let k(l) = l**3 - 5*l**2 - 3*l - 7. Let v be k(6). What is the highest common factor of x and v?
11
Let t(k) = -k**2 - 6*k + 10. Let y be t(-7). Let m(u) = y*u - 3 - 5 + 1. Let n be m(5). What is the highest common divisor of 8 and n?
8
Let i = 65 + -51. Calculate the highest common divisor of i and 126.
14
Let q(m) = -1 + 0 + 0*m - 3*m. Let v be q(-3). What is the greatest common divisor of 40 and v?
8
Suppose 3*y = -3*b + 72, -5*b - 2*y + 18 = -96. What is the highest common divisor of 11 and b?
11
Suppose 4*q = -5*u - 0*u + 126, 3*u + 3*q = 78. Calculate the greatest common factor of u and 11.
11
Let x(v) = v**2 - 11*v + 19. Let d be x(12). Calculate the highest common factor of 93 and d.
31
Let l(h) = h**3 - 6*h**2 + h - 4. Let d be l(6). Let s be -1 + d + -1 + 77. Calculate the greatest common factor of s and 11.
11
Let h(i) = i**2 - 3*i - 4. Let l be h(4). Suppose -5*k + 10 + 1260 = l. Let g = k - 133. Calculate the greatest common divisor of g and 11.
11
Suppose 0 = 4*f - 112 - 0. Calculate the highest common factor of f and 4.
4
Let j(m) = -m**3 - 2*m**2 + m + 5. Let y be j(-4). Let u = 51 - 29. Calculate the highest common divisor of y and u.
11
Let v be 11 + (-2)/(8/4). Calculate the greatest common factor of 30 and v.
10
Let z(d) = d**2 - 7*d + 6. Let y be z(6). Suppose -o + 57 + 53 = y. What is the highest common divisor of o and 10?
10
Suppose -2*w + 4*b = -40, 3*w + 2*w + 4*b - 72 = 0. What is the highest common factor of 48 and w?
16
Suppose 0 = 2*n - 6, -c - 3*n + 29 = 4. Calculate the highest common divisor of c and 104.
8
Suppose 5*a - 2*z - 54 = -7, -5*z = 4*a - 64. Suppose 4*y = -4*j - 0*j + 32, -4*y + 56 = -4*j. What is the highest common divisor of a and y?
11
Let c(k) = 15*k - 66. Let u be c(6). What is the highest common divisor of u and 30?
6
Let i be ((-35)/(-14))/(2 - (-9)/(-12)). What is the greatest common divisor of i and 16?
2
Let u be 6*(-3 + 25/3). Suppose -40 = -4*y + u. What is the highest common factor of 9 and y?
9
Suppose -431 = -4*m - 3*o, 2*o + 182 = -3*m + 504. Calculate the greatest common factor of m and 26.
26
Let o = 9 + -6. Suppose -4*k + o*h - 2*h = -212, -2*h = 8. Suppose -4*j + 4*u + 44 = 0, -j + 14 = -2*u + 5. Calculate the highest common factor of j and k.
13
Let r(l) = l**2 - 2*l + 243. Let z be r(0). Calculate the highest common factor of 27 and z.
27
Let j = 442 + -309. What is the greatest common factor of 19 and j?
19
Suppose -7*k + 2*k = -20. Suppose -2*m = -5*d - 71, m + d + 2*d = 19. Calculate the highest common factor of m and k.
4
Suppose 3*y - 2*k + 45 = 6*y, -5*k = 3*y - 45. Let c = 11 + -6. Calculate the greatest common divisor of c and y.
5
Let z be (2/(-4))/(2/(-20)). Let k = z + -5. Let y be k/(-5) + 24*1. What is the greatest common divisor of y and 36?
12
Let z(v) = 2*v**2 + 2*v. Let y be z(-3). Suppose 0*w - 344 = -4*s - 2*w, 8 = 2*w. Calculate the greatest common factor of s and y.
12
Suppose -5*h + 8*h = 57. Let f(d) = d**3 - 2*d**2 - 6*d + 6. Let v be f(7). Calculate the greatest common factor of v and h.
19
Let t be (-14 - -1)/(5/(-5)). Let z be (t + 2)/((-2)/(-2)). Let b(q) = q**3 + 4*q**2 - 6*q + 1. Let a be b(4). Calculate the greatest common divisor of z and a.
15
Let c(q) be the second derivative of q**3/6 + 6*q**2 - q. Let w be c(-10). Suppose 4 = w*f + 2*f. Calculate the highest common factor of f and 5.
1
Suppose -226*r + 216*r = -50. Let o = 8 - 3. Calculate the greatest common factor of r and o.
5
Let b(v) = v**2 - v + 6. Let f be b(0). Let a = 0 + f. Let x = -36 - -60. Calculate the highest common divisor of x and a.
6
Suppose -74 = -4*a - p, -3*p = 3 - 9. Let s be 284/a + (-8)/(-36). Suppose 4 = 3*z + s, 0 = 3*x + 5*z - 223. Calculate the highest common divisor of x and 9.
9
Let t(o) = -o. Let v be t(-5). Suppose v*r = -0*r + 25. Let g be (1 - 26)*(0 + -1). What is the highest common factor of g and r?
5
Let g(m) = -